ommon divisor of d and v.
9
Let j(d) = -3*d - 4. Let k be -1 - 0 - (4 - -1). Let u be j(k). Let x = u - 5. What is the greatest common factor of 63 and x?
9
Let q be (0 - 0) + 4*-1. Let j = q + 13. Calculate the highest common divisor of 9 and j.
9
Suppose 4*p + u + 4*u = 58, 0 = 3*p - 3*u - 30. Let y = -4 - -7. Let q be 0 + y/3 + 107. Calculate the greatest common divisor of p and q.
12
Let l be 19 + (-12)/2*(-1)/3. Suppose 1155 = k + 4*k. Calculate the highest common divisor of l and k.
21
Let i be (46 - 10)*(-2)/(-6). Calculate the highest common divisor of i and 12.
12
Let s be 3 - 29*(-3 - -2). Calculate the greatest common divisor of 160 and s.
32
Suppose -g = -0*g - 5. Suppose -b + g*i = -15, -b + 2*b + i = 39. Suppose -v - 2*x + 7 = x, 5*x = 3*v - 21. Calculate the greatest common divisor of b and v.
7
Let u = 361 + -217. Calculate the greatest common factor of u and 16.
16
Suppose 0 = 3*w + 2*w - 2*d - 650, 3*w - 390 = -5*d. Suppose 2*n = -0*n + w. What is the greatest common divisor of 13 and n?
13
Let u(w) = -31*w - 5. Let f be u(-5). Suppose 0 = -5*b - 4*d + 4 + 12, -5*b = -2*d + 8. Suppose f = 3*r - b*r. Calculate the highest common factor of 10 and r.
10
Suppose 0 = 3*c - 7 - 5, -4*g + 20 = 3*c. Suppose -90 = -i - g*i. What is the highest common factor of 150 and i?
30
Suppose -3 - 7 = -2*s. Suppose 3*k - 2*k = 18. Suppose -f - 4 = -o, f = 4*f + 3*o - k. What is the greatest common factor of f and s?
1
Let d = 21 + 0. What is the highest common divisor of d and 42?
21
Suppose 4*o = -j + 1, 3*o = 2*j + 17 - 74. Calculate the highest common factor of 21 and j.
21
Suppose -14*y = -6*y - 192. Let z be (1 + -3)*3*-1. Calculate the greatest common factor of z and y.
6
Let r(u) = -u**3 + 9*u**2 + 2*u - 12. Suppose 6*z = 2*z + 36. Let w be r(z). What is the greatest common divisor of 24 and w?
6
Let f(s) = s**3 + 13*s**2 + 7*s - 5. Let k be f(-11). What is the highest common divisor of 40 and k?
40
Let s(w) = w + 1. Let f be s(4). Let h(m) = m**2 + 0 - 2 + 3 - 3*m. Let a be h(f). Calculate the greatest common divisor of a and 99.
11
Let n = -52 - -73. What is the greatest common divisor of 14 and n?
7
Suppose 0 = -a + 3*a. Suppose a = w + 4*w. Let t be 12 + (-1 - (-2 - w)). Calculate the highest common divisor of t and 117.
13
Suppose -2*c + 5*b + 461 = 0, 0*c + 466 = 2*c - 4*b. Let y = 84 + -57. Calculate the greatest common divisor of y and c.
27
Let i = 214 + -149. Suppose -f + 14 + 12 = 0. What is the highest common divisor of i and f?
13
Suppose -17*c + 25 = -77. Calculate the highest common divisor of 48 and c.
6
Let h = 24 - 34. Let x = h + 3. Let c = 18 + x. What is the greatest common factor of 22 and c?
11
Let t(k) = k**3 + 8*k**2 - 2*k - 7. Suppose 0 = -i + 4, 0*o + o = -2*i + 1. Let d be t(o). Let n = -36 - -43. Calculate the greatest common divisor of d and n.
7
Suppose 4*c - 4*k - 160 = 0, 2*c + 4*k - 40 = c. What is the highest common divisor of c and 16?
8
Suppose c + f = 4*c - 10, 0 = -2*f - 8. Let o(z) = -z + z**3 - 1 - 3*z**2 - 2*z**c - 3*z. Let k be o(6). Calculate the highest common divisor of 11 and k.
11
Let n(t) = -t**3 - 9*t**2 + 2*t + 27. Let r be n(-9). Calculate the greatest common divisor of 36 and r.
9
Let d be 1 - (-3 + 5 + -3). Suppose -6*s + 64 = -d*s. What is the greatest common divisor of s and 40?
8
Suppose 0 = -4*l - 0*l + 16. Let f be (4/(-8))/((-2)/l). Suppose 4*u = -f + 5. Calculate the highest common factor of 4 and u.
1
Let a be ((-45)/(-4))/(1/4). Let r be 462/a*3*5. What is the greatest common factor of 14 and r?
14
Let l be 16/(-7) + 2 + 1518/21. Let j = 25 - 13. What is the greatest common divisor of j and l?
12
Suppose -4 = -p, -k - 5 + 1 = -4*p. Suppose -u = l - 12, -u + l + k = -3*l. Suppose -163 + 43 = -5*s. What is the greatest common divisor of u and s?
12
Let z = -28 - -40. Let g be 6/15 - (-38)/5. Suppose -5*m + 13 = t, 4*m - 2*t + g - 24 = 0. Calculate the highest common factor of m and z.
3
Let j be 6/(-14) + (-206)/(-7). Let b = j + -11. Calculate the highest common factor of 6 and b.
6
Suppose v - 4*v + 64 = 2*o, 4*o = 20. Suppose -165 = -5*b + 3*b + 3*a, 4*a + 250 = 3*b. Calculate the highest common divisor of b and v.
18
Let f = 58 - -4. What is the greatest common divisor of 558 and f?
62
Suppose 0 = 3*v - 6*v + 162. Calculate the highest common divisor of v and 6.
6
Let j be -2 - 0 - (0 + -6). What is the highest common divisor of j and 4?
4
Let k be (-1)/3 + 5/15. Let h(f) = f**3 - f + 49. Let c be h(k). What is the greatest common divisor of 7 and c?
7
Suppose 0 = 4*y + 3*v - 270, -y - y - v + 134 = 0. What is the greatest common divisor of 11 and y?
11
Suppose -285 = -5*x + 3*u - 8*u, -5*x - u = -273. Calculate the highest common factor of x and 90.
18
Suppose -x + 0*x + 79 = 2*c, 5*x - 410 = 5*c. What is the highest common divisor of x and 27?
27
Suppose 4 = 3*a - 2. Suppose 0 = -a*d + 64 + 44. Calculate the greatest common divisor of d and 36.
18
Let h be 2/9 - (-26616)/27. Let y be 2/9 + h/18. Let o(m) = -m**3 + 7*m**2 - 5*m + 5. Let c be o(6). What is the highest common factor of c and y?
11
Let q(h) = h**2 + 4*h - 20. Let d be q(7). What is the greatest common divisor of d and 19?
19
Suppose -4*o + o + 9 = 0. What is the greatest common divisor of 33 and o?
3
Let k = 509 + -355. Calculate the greatest common divisor of 14 and k.
14
Let f(n) = n**3 - 2*n**2 - n - 6. Let h(w) = w**2 + w + 1. Let r(p) = f(p) - 2*h(p). Let t be r(5). Calculate the highest common factor of t and 14.
2
Let x(z) = -6*z**3 - 2*z**2 - 6*z - 1. Let t be x(-4). Suppose -4*d + t = d. What is the greatest common factor of d and 15?
15
Let z(d) = d**2 - d + 2. Let m be z(2). Suppose 4*y + 18 = -g, -g - m*y = -y + 13. Let t = g - -22. Calculate the highest common factor of t and 8.
8
Let b = -8 - -17. What is the greatest common factor of 3 and b?
3
Suppose 7*l = 4*l. Suppose l*f = -3*f. Suppose 90 = 5*y - f*y. Calculate the highest common divisor of y and 6.
6
Let v(q) = 32*q**2 - 2*q - 3. Let x be v(-1). What is the highest common factor of x and 248?
31
Suppose 5*n - r = 200, -4*n + 112 = -n + r. Calculate the highest common factor of n and 26.
13
Suppose 3*j - 8*j = -45. Let o = j - 6. Let g be 48/5 - (-33)/(-55). Calculate the greatest common factor of g and o.
3
Let o(f) = 5*f. Let w be o(2). Calculate the greatest common divisor of 4 and w.
2
Let w(t) = -t**2 - 8*t - 7. Let h be w(-6). Suppose -3*v + h + 7 = 0. Let a = 24 + -8. Calculate the greatest common divisor of a and v.
4
Suppose -o = p - 23, p = -8 + 12. Let f be (0 - -1) + (-18)/(-1). What is the greatest common factor of o and f?
19
Suppose 135 = 2*q - 45. Calculate the greatest common divisor of 18 and q.
18
Suppose u - 6*u = 20, -5*j + 4*u + 56 = 0. Calculate the highest common factor of 64 and j.
8
Suppose 5*a - 19 = 3*j, 4*j + a - 10 - 3 = 0. Suppose 7 = -x + 5*x + 5*o, -j*o - 8 = -2*x. What is the greatest common factor of x and 12?
3
Let j = 2 + 3. Suppose -3*d + 2*f + 36 = j*f, -5*f = 4*d - 47. Let k(y) = 4*y**2 - 3*y + 3. Let z be k(2). What is the highest common divisor of z and d?
13
Let d be ((-3)/(-2))/((-3)/(-180)). Let p = 49 + -31. What is the greatest common factor of d and p?
18
Let n(h) = -h**3 - 18*h**2 + 17*h + 3. Let r be n(-19). Calculate the greatest common divisor of 164 and r.
41
Let t be (-4 - (1 - (18 - 1)))/2. What is the highest common divisor of t and 30?
6
Let p be (1 + 32)*(-16)/(-48). What is the highest common factor of 11 and p?
11
Let x = -34 - -59. Let r = 15 - 10. What is the highest common factor of r and x?
5
Let d(q) = -8*q - 2. Let n be d(-6). Calculate the greatest common factor of 69 and n.
23
Suppose 4*n = 4*v, 5*v - 30 = -5*n - 0*v. Suppose n*l + z - 71 = 0, 33 = -0*l + l - 2*z. Calculate the greatest common factor of 5 and l.
5
Let h = 3 - 1. Let p = 4 - h. Let k = p + 23. Calculate the greatest common factor of k and 5.
5
Suppose 5*n + 3*t - 40 = 0, -3*n = -3*t + 4*t - 20. What is the highest common divisor of 55 and n?
5
Let q(b) = -b**3 + 10*b**2 - 4*b. Let n(w) = 10*w**2 - 1. Let o be n(1). Let s be q(o). Calculate the highest common factor of 30 and s.
15
Suppose -2 = -j + 3. Let t be (-543)/(-12) - (-2)/(-8). Calculate the highest common divisor of j and t.
5
Suppose 315 = -4*